{"id":37,"date":"2012-06-11T23:21:55","date_gmt":"2012-06-11T23:21:55","guid":{"rendered":"http:\/\/www.guerdypreval.com\/gallery\/?page_id=37"},"modified":"2021-08-23T00:19:32","modified_gmt":"2021-08-23T00:19:32","slug":"a-propos-de-lauteur-publications","status":"publish","type":"page","link":"https:\/\/www.guerdypreval.com\/gallery\/home-page\/a-propos-de-lauteur-publications\/","title":{"rendered":"Auteur et Publications"},"content":{"rendered":"\n<p>Auteur &amp; Publications<\/p>\n\n\n<div id=\"mw-js-message\" class=\"js-messagebox\" style=\"display: none;\">\u00a0<\/div>\n<h1><a href=\"https:\/\/i0.wp.com\/www.guerdypreval.com\/gallery\/wp-content\/uploads\/2019\/11\/72098220_965413030460579_5510189749366685696_n.jpg?ssl=1\"><img data-recalc-dims=\"1\" decoding=\"async\" loading=\"lazy\" class=\"size-medium wp-image-1058 alignright\" src=\"https:\/\/i0.wp.com\/www.guerdypreval.com\/gallery\/wp-content\/uploads\/2019\/11\/72098220_965413030460579_5510189749366685696_n.jpg?resize=202%2C300&#038;ssl=1\" alt=\"\" width=\"202\" height=\"300\" srcset=\"https:\/\/i0.wp.com\/www.guerdypreval.com\/gallery\/wp-content\/uploads\/2019\/11\/72098220_965413030460579_5510189749366685696_n.jpg?resize=202%2C300&amp;ssl=1 202w, https:\/\/i0.wp.com\/www.guerdypreval.com\/gallery\/wp-content\/uploads\/2019\/11\/72098220_965413030460579_5510189749366685696_n.jpg?w=572&amp;ssl=1 572w\" sizes=\"auto, (max-width: 202px) 100vw, 202px\" \/><\/a>Guerdy Jacques Pr\u00e9val, l&#8217;Auteur<\/h1>\n<p>Sp\u00e9cialiste en Patrimoine et Conservation, ethno-mus\u00e9ologue, Ma\u00eetre des Arts et ancien professeur \u00e0 l&#8217;\u00c9cole nationale des arts (ENARTS) \u00e0 Port-au-Prince&#8230; Il est membre du Centre de Recherche sur les Cara\u00efbes. Il a produit un essai sur la vie et l&#8217;oeuvre du chanteur Coup\u00e9 Clou\u00e9.\u00a0<\/p>\n<p>Ouvrages:<\/p>\n<ul>\n<li style=\"text-align: justify;\"><em><span style=\"color: #ff6600;\"> Proverbes ha\u00eftiens illustr\u00e9s <\/span><\/em>\u00a0Pr\u00e9face de Pierre Cr\u00e9peau. 1985, 215 pages. Collection Mercure du Mus\u00e9e national de l\u2019Homme, Ottawa, Canada. Cet ouvrage pr\u00e9sente 101 proverbes ha\u00eftiens recueillis dans la communaut\u00e9 ha\u00eftienne de Montr\u00e9al et illustr\u00e9s par l\u2019auteur. Les proverbes sont pr\u00e9sent\u00e9s dans leur texte cr\u00e9ole et suivis d\u2019une traduction litt\u00e9rale et d\u2019une br\u00e8ve explication.<\/li>\n<li style=\"text-align: justify;\"><em><span style=\"color: #ff6600;\"> L&#8217;implantation de la Maison de la culture ha\u00eftiano-qu\u00e9b\u00e9coise <\/span><\/em> . M\u00e9moire de ma\u00eetrise en \u00e9tudes des arts, Universit\u00e9 du Qu\u00e9bec \u00e0 Montr\u00e9al, 1987, 72 pages<br \/><hr \/><\/li>\n<\/ul>\n<p style=\"text-align: center;\"><strong><em><span style=\"color: #ff6600;\">G\u00e9rard Dupervil ou La Voix d&#8217;une g\u00e9n\u00e9ration<\/span><\/em><\/strong><\/p>\n<p>\u00a0<a href=\"https:\/\/i0.wp.com\/www.guerdypreval.com\/gallery\/wp-content\/uploads\/2020\/01\/71585211_538619946900933_6521849895572209664_n.jpg?ssl=1\"><img data-recalc-dims=\"1\" decoding=\"async\" loading=\"lazy\" class=\"wp-image-1176 aligncenter\" src=\"https:\/\/i0.wp.com\/www.guerdypreval.com\/gallery\/wp-content\/uploads\/2020\/01\/71585211_538619946900933_6521849895572209664_n.jpg?resize=219%2C341&#038;ssl=1\" alt=\"\" width=\"219\" height=\"341\" srcset=\"https:\/\/i0.wp.com\/www.guerdypreval.com\/gallery\/wp-content\/uploads\/2020\/01\/71585211_538619946900933_6521849895572209664_n.jpg?resize=193%2C300&amp;ssl=1 193w, https:\/\/i0.wp.com\/www.guerdypreval.com\/gallery\/wp-content\/uploads\/2020\/01\/71585211_538619946900933_6521849895572209664_n.jpg?resize=659%2C1024&amp;ssl=1 659w, https:\/\/i0.wp.com\/www.guerdypreval.com\/gallery\/wp-content\/uploads\/2020\/01\/71585211_538619946900933_6521849895572209664_n.jpg?resize=768%2C1194&amp;ssl=1 768w, https:\/\/i0.wp.com\/www.guerdypreval.com\/gallery\/wp-content\/uploads\/2020\/01\/71585211_538619946900933_6521849895572209664_n.jpg?resize=988%2C1536&amp;ssl=1 988w, https:\/\/i0.wp.com\/www.guerdypreval.com\/gallery\/wp-content\/uploads\/2020\/01\/71585211_538619946900933_6521849895572209664_n.jpg?w=1202&amp;ssl=1 1202w\" sizes=\"auto, (max-width: 219px) 100vw, 219px\" \/><\/a><\/p>\n<p style=\"text-align: center;\">Ilan-Ilan \u00e9diteur,Sherbrooke, 1995.<\/p>\n<p>Amis lecteurs, il serait difficile, voire pr\u00e9tentieux, de r\u00e9pertorier l&#8217;oeuvre compl\u00e8te de G\u00e9rard Dupervil, tant celle-ci est vaste.<\/p>\n<p>Toutefois, nous avons essay\u00e9 autant que faire se peut, de vous pr\u00e9senter celle-ci dans ce qu&#8217;elle a de plus profond, de plus sinc\u00e8re et de plus frappant.<\/p>\n<p>\u00c0 travers les chansons qui nous sont parvenues, nous avons retrouv\u00e9 l&#8217;\u00e2me de toute une \u00e9poque, de toute une g\u00e9n\u00e9ration.<\/p>\n<p>Simplement et ceci de fa\u00e7on volontaire, nous vous les offrons comme nous les avons d\u00e9couvertes et aim\u00e9es. Quant \u00e0 l&#8217;artiste lui-m\u00eame, nous vous laissons seuls jug\u00e9s de ce qu&#8217;il f\u00fbt.<\/p>\n<p>Cependant pour nous, un fait demeure, Dupervil reste un des grands de la musique ha\u00eftienne et son oeuvre \u00e0 elle seule constitue un v\u00e9ritable pari de notre patrimoine culturel.<\/p>\n<hr \/>\n<p style=\"text-align: center;\"><strong><span style=\"color: #ff0000;\"><em>La Musique populaire ha\u00eftienne <\/em><\/span><\/strong><\/p>\n<p style=\"text-align: center;\"><strong><span style=\"color: #ff0000;\"><em>de l&#8217;\u00e8re coloniale \u00e0 nos jours<\/em><\/span><\/strong><\/p>\n<p><a href=\"https:\/\/i0.wp.com\/www.guerdypreval.com\/gallery\/wp-content\/uploads\/2020\/05\/musique-pop.jpg?ssl=1\"><img data-recalc-dims=\"1\" decoding=\"async\" loading=\"lazy\" class=\" wp-image-1193 aligncenter\" src=\"https:\/\/i0.wp.com\/www.guerdypreval.com\/gallery\/wp-content\/uploads\/2020\/05\/musique-pop.jpg?resize=231%2C361&#038;ssl=1\" alt=\"\" width=\"231\" height=\"361\" srcset=\"https:\/\/i0.wp.com\/www.guerdypreval.com\/gallery\/wp-content\/uploads\/2020\/05\/musique-pop.jpg?resize=192%2C300&amp;ssl=1 192w, https:\/\/i0.wp.com\/www.guerdypreval.com\/gallery\/wp-content\/uploads\/2020\/05\/musique-pop.jpg?resize=654%2C1024&amp;ssl=1 654w, https:\/\/i0.wp.com\/www.guerdypreval.com\/gallery\/wp-content\/uploads\/2020\/05\/musique-pop.jpg?resize=768%2C1202&amp;ssl=1 768w, https:\/\/i0.wp.com\/www.guerdypreval.com\/gallery\/wp-content\/uploads\/2020\/05\/musique-pop.jpg?resize=981%2C1536&amp;ssl=1 981w, https:\/\/i0.wp.com\/www.guerdypreval.com\/gallery\/wp-content\/uploads\/2020\/05\/musique-pop.jpg?w=1061&amp;ssl=1 1061w\" sizes=\"auto, (max-width: 231px) 100vw, 231px\" \/><\/a><\/p>\n<p style=\"text-align: center;\">\u00c9ditions Histoires Nouvelles, Montr\u00e9al, 2003.<\/p>\n<p>Ha\u00efti, Quisqueya ou Bohio&#8230; Entre la fin XVe si\u00e8cle et le d\u00e9but du XVIe, les rythmes indig\u00e8nes sont supplant\u00e9s par la danza espagnole et la meringue dite fran\u00e7aise. Plus tard, avec l&#8217;arriv\u00e9e de plus en plus massive des esclaves africains. Les rythmes vaudou occupent l&#8217;espace.<\/p>\n<p>Apr\u00e8s l&#8217;ind\u00e9pendance en 1804, la polka ou rigaudon, introduite par les Polonais ajoute \u00e0 la diversit\u00e9. Aux environs de 1850, les compositeurs nationaux transforment cette meringue fran\u00e7aise en meringue national. Un si\u00e8cle plus tard, une nouvelle g\u00e9n\u00e9ration de musiciens sortie du centre de r\u00e9habilitation &#8220;La Centrale&#8221;, fait son apparition et va dominer la sc\u00e8ne pendant plus de deux d\u00e9cennies, jusqu&#8217;\u00e0 faire \u00e9cole, non seulement en Ha\u00efti, mais aussi \u00e0 travers les Antilles et le Japon.<\/p>\n<p>Aujourd&#8217;hui, ce style est tellement ancr\u00e9 dans la tradition musicale populaire ha\u00eftienne que tous ceux: historiens, chercheurs, musicologues&#8230; qui veulent aborder ce sujet, doivent passer in\u00e9vitablement par ce carrefour qu&#8217;on appelle le &#8220;<em>Kompa Dir\u00e8k<\/em>&#8220;. Il n&#8217;en demeure pas moins que la musique de ce bout d&#8217;\u00eele reste d&#8217;une extraordinaire diversit\u00e9: meringue, c\u00e2lina, troubadour, <em>kompa dir\u00e8k<\/em>, cadence-rempas, mini jazz, racines, ragga&#8230;<\/p>\n<hr \/>\n<p style=\"text-align: center;\"><strong><span style=\"color: #ff0000;\"><em>Histoire d&#8217;Ha\u00efti : la n\u00f4tre.\u00a0<\/em><\/span><\/strong><\/p>\n<p><a href=\"https:\/\/i0.wp.com\/www.guerdypreval.com\/gallery\/wp-content\/uploads\/2020\/01\/71328924_684839242035472_6061845605246828544_n.jpg?ssl=1\"><img data-recalc-dims=\"1\" decoding=\"async\" loading=\"lazy\" class=\" wp-image-1174 aligncenter\" src=\"https:\/\/i0.wp.com\/www.guerdypreval.com\/gallery\/wp-content\/uploads\/2020\/01\/71328924_684839242035472_6061845605246828544_n.jpg?resize=231%2C352&#038;ssl=1\" alt=\"\" width=\"231\" height=\"352\" srcset=\"https:\/\/i0.wp.com\/www.guerdypreval.com\/gallery\/wp-content\/uploads\/2020\/01\/71328924_684839242035472_6061845605246828544_n.jpg?resize=197%2C300&amp;ssl=1 197w, https:\/\/i0.wp.com\/www.guerdypreval.com\/gallery\/wp-content\/uploads\/2020\/01\/71328924_684839242035472_6061845605246828544_n.jpg?resize=673%2C1024&amp;ssl=1 673w, https:\/\/i0.wp.com\/www.guerdypreval.com\/gallery\/wp-content\/uploads\/2020\/01\/71328924_684839242035472_6061845605246828544_n.jpg?resize=768%2C1168&amp;ssl=1 768w, https:\/\/i0.wp.com\/www.guerdypreval.com\/gallery\/wp-content\/uploads\/2020\/01\/71328924_684839242035472_6061845605246828544_n.jpg?resize=1010%2C1536&amp;ssl=1 1010w, https:\/\/i0.wp.com\/www.guerdypreval.com\/gallery\/wp-content\/uploads\/2020\/01\/71328924_684839242035472_6061845605246828544_n.jpg?w=1315&amp;ssl=1 1315w\" sizes=\"auto, (max-width: 231px) 100vw, 231px\" \/><\/a><\/p>\n<p style=\"text-align: center;\">\u00a0\u00c9ditions Histoires nouvelles, 2008<\/p>\n<p>Cet ouvrage se veut \u00eatre plus qu&#8217;un inventaire, autre chose qu&#8217;un panorama historique. Il se veut plut\u00f4t une radiographie, une histoire sociale et politique de la soci\u00e9t\u00e9 ha\u00eftienne, de sa gen\u00e8se jusqu&#8217;\u00e0 2008. Il pr\u00e9tend percevoir les mouvements, int\u00e9rieurs comme ext\u00e9rieurs, qui ont d\u00e9termin\u00e9 l&#8217;acc\u00e9l\u00e9ration ou le ralentissement de l&#8217;\u00e9volution du peuple ha\u00eftien dans sa vie mentale et mat\u00e9rielle. Il est donc fond\u00e9 non seulement sur une \u00e9tude mat\u00e9rielle de cette soci\u00e9t\u00e9, mais aussi sur l&#8217;organisation des espaces, des groupes, des associations, des alliances, des complots nationaux et internationaux, tra\u00eetrises, des batailles, des occupations qui ont rassembl\u00e9 ou divis\u00e9 le peuple ha\u00eftien.<\/p>\n<p>En effet, c&#8217;est une relecture des expos\u00e9s historiques qui permet de mieux comprendre l&#8217;histoire de ce peuple \u00e0 partir de faits et de gestes souvent n\u00e9glig\u00e9s et parfois ignor\u00e9s, car consid\u00e9r\u00e9s comme des d\u00e9tails inutiles par les \u00e9rudits de l&#8217;histoire d&#8217;Ha\u00efti, tel un Dant\u00e8s Belgrade :&#8221; Nous avons banni en effet tous les d\u00e9tails inutiles, tous les faits dont les cons\u00e9quences historiques ne nous ont pas paru justifier suffisamment la place qu&#8217;on leur a attribu\u00e9e dans une revue forc\u00e9ment sommaire du pass\u00e9.&#8221;\u00a0 c&#8217;est \u00e0 se demander si les g\u00e9n\u00e9rations \u00e0 venir n&#8217;ont pas droit \u00e0 la v\u00e9rit\u00e9?<\/p>\n<p>Des d\u00e9tails peuvent \u00eatre inutiles pour les uns et tr\u00e8s utiles pour les autres. Telle est notre philosophie de l&#8217;Histoire.<\/p>\n<hr \/>\n<p style=\"text-align: center;\"><span style=\"color: #0000ff;\"><strong><em>Histoire<\/em> de la Culture ha\u00eftienne<\/strong><\/span><\/p>\n<p style=\"text-align: center;\">( le tome 2 de \u201c l&#8217;<em>Histoire<\/em> d&#8217;Ha\u00efti la <em>N\u00f4tre<\/em>\u201c)<\/p>\n<p><a href=\"https:\/\/i0.wp.com\/www.guerdypreval.com\/gallery\/wp-content\/uploads\/2020\/01\/71111840_425045555085357_6966566125253427200_n.jpg?ssl=1\"><img data-recalc-dims=\"1\" decoding=\"async\" loading=\"lazy\" class=\"wp-image-1173 aligncenter\" src=\"https:\/\/i0.wp.com\/www.guerdypreval.com\/gallery\/wp-content\/uploads\/2020\/01\/71111840_425045555085357_6966566125253427200_n.jpg?resize=231%2C348&#038;ssl=1\" alt=\"\" width=\"231\" height=\"348\" srcset=\"https:\/\/i0.wp.com\/www.guerdypreval.com\/gallery\/wp-content\/uploads\/2020\/01\/71111840_425045555085357_6966566125253427200_n.jpg?resize=199%2C300&amp;ssl=1 199w, https:\/\/i0.wp.com\/www.guerdypreval.com\/gallery\/wp-content\/uploads\/2020\/01\/71111840_425045555085357_6966566125253427200_n.jpg?resize=678%2C1024&amp;ssl=1 678w, https:\/\/i0.wp.com\/www.guerdypreval.com\/gallery\/wp-content\/uploads\/2020\/01\/71111840_425045555085357_6966566125253427200_n.jpg?resize=768%2C1160&amp;ssl=1 768w, https:\/\/i0.wp.com\/www.guerdypreval.com\/gallery\/wp-content\/uploads\/2020\/01\/71111840_425045555085357_6966566125253427200_n.jpg?resize=1017%2C1536&amp;ssl=1 1017w, https:\/\/i0.wp.com\/www.guerdypreval.com\/gallery\/wp-content\/uploads\/2020\/01\/71111840_425045555085357_6966566125253427200_n.jpg?w=1064&amp;ssl=1 1064w\" sizes=\"auto, (max-width: 231px) 100vw, 231px\" \/><\/a><\/p>\n<p style=\"text-align: center;\">\u00c9ditions Histoires nouvelles, 2012<span style=\"color: #ff0000;\"><br \/><\/span><\/p>\n<p><strong><em>Histoire de la Culture Ha\u00eftienne<\/em><\/strong> t\u00e9moigne de la diversit\u00e9 de nos traditions orales (chants, contes, l\u00e9gendes et mythes), des coutumes li\u00e9es, du berceau \u00e0 la tombe, \u00e0 la vie de l&#8217;individu(grossesse, naissance, bapt\u00eame, marriage, maladie, m\u00e9decine traditionnelle (traitement), mort, fun\u00e9railles, culte de mort), sans oublier les cycles saisonniers (carnaval, <em>rara, <\/em>P\u00e2ques et Car\u00eame)&#8230;\u00a0<\/p>\n<p>L&#8217;ouvrage aborde l&#8217;histoire de la culture populaire ha\u00eftienne, du pont de vue de ceux, femmes et hommes, que les manuels officiels ont souvent r\u00e9duits \u00e0 des r\u00f4les de figurants anonymes. Cette d\u00e9marche ethnologique nouvelle les saisit \u00e0 la fois dans leur cadre de vie, leurs activit\u00e9s de tous les jours et leur \u00e9poque.<\/p>\n<p>Guerdy Jacques Pr\u00e9val nous entra\u00eene, avec ce nouveau livre, vers le sens de la relativit\u00e9 des choses humaines. Il nous fait d\u00e9couvrir la multiplicit\u00e9 des exp\u00e9riences r\u00e9alis\u00e9es, sur plusieurs g\u00e9n\u00e9rations, par un m\u00eame peuple pour sceller le socles de notre identit\u00e9. Afin que l&#8217;Ha\u00eftien soit moins d\u00e9sorient\u00e9, sache qui il est, d&#8217;o\u00f9 il vient. Afin qu&#8217;il ait un sens plus aigu de l&#8217;humain, soit plus port\u00e9 \u00e0 la compr\u00e9hension, \u00e0 l&#8217;amour patriotique, \u00e0 la fraternit\u00e9 entre les membres d&#8217;une m\u00eame nation. Afin qu&#8217;il joue mieux, o\u00f9 qu&#8217;il se trouve, son r\u00f4le de citoyen.<\/p>\n<hr \/>\n<p style=\"text-align: center;\"><strong><span style=\"color: #ff6600;\"><em>D&#8217;un royaume \u00e0 l&#8217;autre\u00a0<\/em><\/span><\/strong><\/p>\n<p style=\"text-align: center;\"><em>Le roi Coup\u00e9 Clou\u00e9 et ses H\u00e9ro\u00efnes<\/em><\/p>\n<p style=\"text-align: center;\"><a href=\"https:\/\/i0.wp.com\/www.guerdypreval.com\/gallery\/wp-content\/uploads\/2020\/01\/71827252_928043390904019_1261817720337334272_n.jpg?ssl=1\"><br \/><img data-recalc-dims=\"1\" decoding=\"async\" loading=\"lazy\" class=\"size-medium wp-image-1177 aligncenter\" src=\"https:\/\/i0.wp.com\/www.guerdypreval.com\/gallery\/wp-content\/uploads\/2020\/01\/71827252_928043390904019_1261817720337334272_n.jpg?resize=199%2C300&#038;ssl=1\" alt=\"\" width=\"199\" height=\"300\" srcset=\"https:\/\/i0.wp.com\/www.guerdypreval.com\/gallery\/wp-content\/uploads\/2020\/01\/71827252_928043390904019_1261817720337334272_n.jpg?resize=199%2C300&amp;ssl=1 199w, https:\/\/i0.wp.com\/www.guerdypreval.com\/gallery\/wp-content\/uploads\/2020\/01\/71827252_928043390904019_1261817720337334272_n.jpg?resize=678%2C1024&amp;ssl=1 678w, https:\/\/i0.wp.com\/www.guerdypreval.com\/gallery\/wp-content\/uploads\/2020\/01\/71827252_928043390904019_1261817720337334272_n.jpg?resize=768%2C1160&amp;ssl=1 768w, https:\/\/i0.wp.com\/www.guerdypreval.com\/gallery\/wp-content\/uploads\/2020\/01\/71827252_928043390904019_1261817720337334272_n.jpg?resize=1017%2C1536&amp;ssl=1 1017w, https:\/\/i0.wp.com\/www.guerdypreval.com\/gallery\/wp-content\/uploads\/2020\/01\/71827252_928043390904019_1261817720337334272_n.jpg?w=1305&amp;ssl=1 1305w\" sizes=\"auto, (max-width: 199px) 100vw, 199px\" \/><\/a><\/p>\n<p style=\"text-align: center;\">\u00c8ditions Histoires Nouvelles<\/p>\n<p style=\"text-align: left;\">Chansonnier, po\u00e8te, humoriste, Jean Gesner Henry, alias Coup\u00e9 Clou\u00e9, a su donner une saveur particuli\u00e8re \u00e0 ses chansons. Il a un ton reconnaissable d\u00e8s les premi\u00e8res notes. Dans sa musique faite de propos color\u00e9s assortis d&#8217;accents grivois, il tisse des liens entre l&#8217;amour, le vice et la vertu. Derri\u00e8re ses airs paillards, il aborde des th\u00e8mes qui touchent la profondeur de l&#8217;\u00e2me ha\u00eftienne. Plus encore, \u00e0 travers des th\u00e9matiques comme l&#8217;amour, le sexe, l&#8217;infanticide, la vieillesse, les questions sociaux, les querelles de voisinage, les sc\u00e8nes de la vie conjugale, etc. c&#8217;est \u00e0 chacun de nous qu&#8217;il s&#8217;adresse, nous obligeant \u00e0 tomber les masques.<\/p>\n<p>Son art nous touche d&#8217;autant plus que ce parolier hors du commun, enjou\u00e9 et sympathique, \u00e9voque avec beaucoup d&#8217;auto-d\u00e9rision des histoires v\u00e9cues et des anecdotes sur sa femme et sa propre famille. Ses capacit\u00e9s d&#8217;orateur et de diseur, sa ma\u00eetrise des outils de communication, des symboles, des proverbes, des &#8220;pr\u00eaches&#8221; pleins de verve, ont donn\u00e9 naissance \u00e0 un style incomparable, un rythme musical nouveau, d\u00e9bordant de sensualit\u00e9: &#8220;le Coup\u00e9en&#8221;. Il y parodie souvent des figures qui sont de v\u00e9ritables prototypes sociaux tels: Fanm Kolokent, Manman Bon Coeur, Gason Kolon, B\u00e8lm\u00e8, Gangan Ti Manga&#8230;\u00a0<\/p>\n<p>Dans\u00a0<em>D&#8217;un Royaume \u00e0 l&#8217;Autre, Le Roi Coup\u00e9 Clou\u00e9 et ses H\u00e9ro\u00efnes,<\/em> Guerdy Pr\u00e9val retrace les m\u00e9saventures, les souvenirs de ce talentueux compositeur qu&#8217;est Coup\u00e9 Clou\u00e9. Il explore ses chansons avec minutie, y d\u00e9crypte les allusions et les messages cod\u00e9s permettant de surmonter les pr\u00e9jug\u00e9s des uns des autres.<\/p>\n<hr \/>\n<p style=\"text-align: center;\"><strong><span style=\"color: #ff6600;\"><em>Dialogue Avec L&#8217;histoire<\/em><\/span><\/strong><\/p>\n<p style=\"text-align: center;\">pour mieux conna\u00eetre le Vrai Visage<\/p>\n<p style=\"text-align: center;\">de l&#8217;Occupation Am\u00e9ricaine de 1915 \u00e0 nos jours<\/p>\n<p style=\"text-align: center;\">Tome I<a href=\"https:\/\/i0.wp.com\/www.guerdypreval.com\/gallery\/wp-content\/uploads\/2019\/10\/71969122_718399692010470_6698148300094177280_n-WM-1.jpg?ssl=1\"><br \/><img data-recalc-dims=\"1\" decoding=\"async\" loading=\"lazy\" class=\" wp-image-846 aligncenter\" src=\"https:\/\/i0.wp.com\/www.guerdypreval.com\/gallery\/wp-content\/uploads\/2019\/10\/71969122_718399692010470_6698148300094177280_n-WM-1.jpg?resize=231%2C354&#038;ssl=1\" alt=\"\" width=\"231\" height=\"354\" srcset=\"https:\/\/i0.wp.com\/www.guerdypreval.com\/gallery\/wp-content\/uploads\/2019\/10\/71969122_718399692010470_6698148300094177280_n-WM-1.jpg?resize=196%2C300&amp;ssl=1 196w, https:\/\/i0.wp.com\/www.guerdypreval.com\/gallery\/wp-content\/uploads\/2019\/10\/71969122_718399692010470_6698148300094177280_n-WM-1.jpg?resize=768%2C1174&amp;ssl=1 768w, https:\/\/i0.wp.com\/www.guerdypreval.com\/gallery\/wp-content\/uploads\/2019\/10\/71969122_718399692010470_6698148300094177280_n-WM-1.jpg?resize=670%2C1024&amp;ssl=1 670w, https:\/\/i0.wp.com\/www.guerdypreval.com\/gallery\/wp-content\/uploads\/2019\/10\/71969122_718399692010470_6698148300094177280_n-WM-1.jpg?w=1315&amp;ssl=1 1315w\" sizes=\"auto, (max-width: 231px) 100vw, 231px\" \/><\/a><\/p>\n<p style=\"text-align: center;\">\u00c9ditions Histoires Nouvelles<\/p>\n<p>Manifestement, il existe un probl\u00e8me d&#8217;omission d&#8217;informations essentielles quand il s&#8217;agit d&#8217;\u00e9crire l&#8217;histoire en Ha\u00efti. C&#8217;est comme si l&#8217;histoire relevait seulement de faits d&#8217;armes, de tueries, de propri\u00e9t\u00e9 terrienne ou de conflits politiques. Elle serait s\u00e9par\u00e9e des autres aspects de la vie: l&#8217;\u00e9conomique, le social, le culturel, surtout le religieux que l&#8217;Occupant soumet malicieusement \u00e0 un regard r\u00e9ducteur et m\u00e9prisant. Ce dans le but de d\u00e9tourner l&#8217;int\u00e9r\u00eat, l&#8217;attention de son insatiable besoin d&#8217;accaparement de biens et de richesses autant que d&#8217;assouvir leur qu\u00eate de cette essence du sacr\u00e9 d&#8217;Ha\u00efti de sa naissance \u00e0 nos jours.<\/p>\n<p>Ce premier tome de la pr\u00e9sente recherche concerne certains r\u00e9cits des \u00e9v\u00e9nements de l&#8217;<strong>Occupation Am\u00e9ricaine de 1915 \u00e0 nos jours.<\/strong> Il est comme une vaste fresque qui ne soul\u00e8ve pas uniquement de multiples questions en ce sens l\u00e0. Il couvre surtout le r\u00e9cit des martyrs peint dans un r\u00e9alisme historique fond\u00e9 sur l&#8217;analyse de donn\u00e9es iconographique, anthropologiques, historiques. Ces m\u00eames donn\u00e9s que l&#8217;on peut aborder sous un angle de psychologie individuelle ou sous celui de l&#8217;inconscient collectif. Du pays profond jusqu&#8217;\u00e0 la Capitale.<\/p>\n<p>Aussi devient-il possible de constater qu&#8217;Ha\u00efti ne serait n\u00e9cessairement pas comme elle est aujourd&#8217;hui, encore sous l&#8217;<em>Occupation,\u00a0<\/em>si certains faits consid\u00e9r\u00e9s comme des r\u00e9sidus embarrassants n&#8217;\u00e9taient pas falsifi\u00e9s ou compl\u00e8tement ignor\u00e9s par ceux d&#8217;entre nous qui exercent telle ou telle fonction administrative au sein de l&#8217;\u00c9tat ou qui ont un certain statut social.<\/p>\n<hr \/>\n<p style=\"text-align: center;\"><span style=\"color: #0000ff;\"><b>Les 175 devinettes illustr\u00e9es les plus savoureuses d\u2019Ha\u0457ti<\/b><\/span><\/p>\n\n\n<div class=\"wp-block-media-text alignwide is-stacked-on-mobile\" style=\"grid-template-columns:32% auto\"><figure class=\"wp-block-media-text__media\"><img data-recalc-dims=\"1\" decoding=\"async\" loading=\"lazy\" src=\"https:\/\/i0.wp.com\/www.guerdypreval.com\/gallery\/wp-content\/uploads\/2021\/08\/GuerdyJacquesPrevalresize.jpg?w=640&#038;ssl=1\" alt=\"Devinettes\" class=\"wp-image-1271 size-full\"\/><\/figure><div class=\"wp-block-media-text__content\">\n<p><a href=\"https:\/\/www.guerdypreval.com\/gallery\/wp-content\/uploads\/2021\/08\/GuerdyJacquesPrevalresize.jpg\"><\/a><\/p>\n\n\n\n<p>Cet ouvrage se veut \u00eatre plus qu\u2019une une compilation ou une rem\u00e9moration de devinettes dans leurs variantes. Dans l\u2019ensemble, les devinettes se pr\u00e9sentent comme les autres r\u00e9cits de la litt\u00e9rature orale&nbsp;: les contes, les proverbes, les chansons folkloriques populaires, etc., propres \u00e0 divertir les esprits des plus grands aux plus petits. C\u2019est pour cela que la tradition veut qu\u2019elles se transmettent de bouche \u00e0 oreille. Toutefois, \u00e0 la diff\u00e9rence des autres types de litt\u00e9rature orale, les devinettes sont plus spirituelles qu\u2019\u00e9thiques. Elles comportent un caract\u00e8re cr\u00e9ateur et mettent l\u2019intelligence en \u00e9veil, attentif quant \u00e0 la compr\u00e9hension de la question et la comp\u00e9tition de la rapidit\u00e9 des r\u00e9ponses.&nbsp;&nbsp;<\/p>\n\n\n\n<p>&nbsp;Ainsi se m\u00e9tamorphosent le regard et la vie de <strong><em>&#8220;Les 175 devinettes illustr\u00e9es&nbsp;les plus savoureuses d\u2019Ha\u0457ti\u2019\u2019<\/em><\/strong>en de brillantes illustrations dessin\u00e9es par l\u2019auteur, l\u2019artiste- peintre r\u00e9put\u00e9 \u00e0 Montr\u00e9al, comme e\u00fbt \u00e0 le dire l&#8217;immortel Dany Laferri\u00e8re&nbsp;:&nbsp;<em>Guerdy Pr\u00e9val est le plus &nbsp;grand peintre ha<\/em><em>\u00eftien de Montr\u00e9al.&nbsp;<\/em>&nbsp;<\/p>\n<\/div><\/div>\n\n\n\n<p><\/p>\n\n\n","protected":false},"excerpt":{"rendered":"<p>Auteur &amp; Publications \u00a0 Guerdy Jacques Pr\u00e9val, l&#8217;Auteur Sp\u00e9cialiste en Patrimoine et Conservation, ethno-mus\u00e9ologue, Ma\u00eetre des Arts et ancien professeur \u00e0 l&#8217;\u00c9cole nationale des arts (ENARTS) \u00e0 Port-au-Prince&#8230; Il est membre du Centre de Recherche sur les Cara\u00efbes. Il a produit un essai sur la vie et l&#8217;oeuvre du chanteur Coup\u00e9 Clou\u00e9.\u00a0 Ouvrages: Proverbes ha\u00eftiens [&hellip;]<\/p>\n","protected":false},"author":1,"featured_media":0,"parent":786,"menu_order":0,"comment_status":"closed","ping_status":"closed","template":"","meta":{"nf_dc_page":"","footnotes":""},"class_list":["post-37","page","type-page","status-publish","hentry"],"jetpack_sharing_enabled":true,"_links":{"self":[{"href":"https:\/\/www.guerdypreval.com\/gallery\/wp-json\/wp\/v2\/pages\/37","targetHints":{"allow":["GET"]}}],"collection":[{"href":"https:\/\/www.guerdypreval.com\/gallery\/wp-json\/wp\/v2\/pages"}],"about":[{"href":"https:\/\/www.guerdypreval.com\/gallery\/wp-json\/wp\/v2\/types\/page"}],"author":[{"embeddable":true,"href":"https:\/\/www.guerdypreval.com\/gallery\/wp-json\/wp\/v2\/users\/1"}],"replies":[{"embeddable":true,"href":"https:\/\/www.guerdypreval.com\/gallery\/wp-json\/wp\/v2\/comments?post=37"}],"version-history":[{"count":40,"href":"https:\/\/www.guerdypreval.com\/gallery\/wp-json\/wp\/v2\/pages\/37\/revisions"}],"predecessor-version":[{"id":1282,"href":"https:\/\/www.guerdypreval.com\/gallery\/wp-json\/wp\/v2\/pages\/37\/revisions\/1282"}],"up":[{"embeddable":true,"href":"https:\/\/www.guerdypreval.com\/gallery\/wp-json\/wp\/v2\/pages\/786"}],"wp:attachment":[{"href":"https:\/\/www.guerdypreval.com\/gallery\/wp-json\/wp\/v2\/media?parent=37"}],"curies":[{"name":"wp","href":"https:\/\/api.w.org\/{rel}","templated":true}]}}